 5*v, -2*v - 33726 = -3*u. What is the tens digit of u?
3
What is the units digit of ((-99)/132*8/6)/((-1)/12583)?
3
Suppose u = 5*r + 1206 + 674, -1835 = -u - 4*r. Suppose -3*w - 5*l = 2*w - u, l = -4*w + 1484. What is the units digit of w?
1
Suppose -176*p = -p - 1011150. What is the units digit of p?
8
Suppose 21*v + 9 = 18*v. Let x be 2/v + 42/9. What is the units digit of 56/x*(-1)/((-1)/7)?
8
Suppose -5*t = 2*l - 44, 33 = 4*l + 5*t - 45. Let c = 304 + l. Suppose -5*n = -c - 164. What is the tens digit of n?
9
Let r(p) = -7688*p - 138. What is the units digit of r(-1)?
0
Let f = -65 - -64. Let o be (5 + f + 2)/(4/(-10)). What is the units digit of ((o - 2) + 2)/(-1)?
5
Suppose 29*g = 22*g - 5971. Let l = 1721 + g. What is the tens digit of l?
6
Suppose 77*z - 1157 = 74*z + h, 4*h - 1564 = -4*z. Let y be -1 + 7*-25 + 1. Let r = y + z. What is the units digit of r?
2
Suppose 3*t + t - 48 = 0. Let f = -1251 + 1251. Suppose f*g - 4*g - 4*a - t = 0, 2*g - 5*a = 29. What is the units digit of g?
2
Let z(t) = -t**3 + 106*t**2 + 121*t + 16. What is the units digit of z(31)?
2
Suppose -5*q + 3*c = -25, 3*q - 20 = -q + 4*c. Let w(s) = 3*s**2 + 7*s + 2. Let i be w(q). Suppose i = -4*m + 6*m. What is the units digit of m?
6
Let q = -50 - -99. Let k = q + -48. Let x(z) = 55*z**2 + z + 1. What is the tens digit of x(k)?
5
Let o = 52398 + -24300. What is the ten thousands digit of o?
2
Let p(z) = -9*z - 5*z**2 - 5*z**2 + 4*z**2 + 5*z**2 + 0*z**2 - 9. Suppose -5*f = -3*i + 14, -5*i + 2 = -0*f - 3*f. What is the tens digit of p(f)?
1
Let h(k) = k**2 - 9*k - 50. Let v be h(22). Let g = 422 - v. What is the tens digit of g?
8
Let l be 4/3 - (-2 + 8/6). Suppose l*o = f - 454, 5*f - 1360 = 4*o + 940. What is the tens digit of f?
6
Let h = -12612 - -20302. What is the hundreds digit of h?
6
Let l = 366 - 266. Suppose -118*d = -l*d - 24444. What is the units digit of d?
8
Let u(q) = -q**3 + 10*q**2 - 2*q + 1. Let r = 510 + -505. What is the units digit of u(r)?
6
Suppose -27 = -3*g + 12. Suppose g*x = -2*x + 45. What is the tens digit of (1/x*20)/((-16)/(-120))?
5
Let k(h) = -77*h + 190. Let w be k(-4). Suppose c - 795 = 4*c. Let r = w + c. What is the tens digit of r?
3
Let b(a) = 3*a - 13. Let f be b(5). Suppose 0 = -f*m - 11 + 15. Suppose -m*i + 9 = 5. What is the units digit of i?
2
Let y(n) = -348*n - 138. What is the tens digit of y(-6)?
5
Let w(s) = 4*s**2 - 11*s - 7. Let l be (-40)/2*15/30. Let j be w(l). Suppose -8*g + 945 = -j. What is the hundreds digit of g?
1
Let z(o) be the third derivative of -2*o**4 - 18*o**3 + 2*o**2 - 25. What is the units digit of z(-12)?
8
Let l(n) = 7*n**3 + 11*n**2 + 25*n - 76. What is the hundreds digit of l(5)?
1
Let u(p) = 7*p**2 + 146*p - 3832. What is the hundreds digit of u(30)?
8
Suppose -b + 2857 = -0*r + 5*r, 3*b - 8571 = -5*r. Suppose 6*k - b = 245. What is the units digit of k?
7
Let p be (51/(-9) - -5)/(3/(-9)). Suppose 0*n + p*n = 344. What is the units digit of n?
2
Let h(s) be the first derivative of 26*s**3/3 + 15*s**2 - 95*s - 39. What is the units digit of h(3)?
9
Let h be 27/(-6)*(-6)/9. Suppose g = 36 - h. Let b = 73 - g. What is the tens digit of b?
4
Let x = -39 - -43. Let h be (-2 - 0) + x*(-1)/(-2). Suppose 5*k - 3*k - 12 = h. What is the units digit of k?
6
Suppose 0 = 6*f + 3*f - 36. What is the units digit of -2 + (3 + -182)/(f - 5)?
7
Suppose 83650 = 5*i + 9515. What is the units digit of i?
7
Let y(o) = o + 1. Let v be y(0). Let n be v/((-2)/4)*(-356)/(-8). Let p = 9 - n. What is the units digit of p?
8
Let y(b) = b**2 + b - 6. Let h be y(4). Suppose h = 19*k - 17*k. Let c(v) = -v**2 + 10*v + 37. What is the tens digit of c(k)?
5
Let k = 405 - 218. Let w = k - 120. Let p = 115 - w. What is the units digit of p?
8
Suppose -5*j + 3*b = -107, 4*j - 2*b - 42 - 42 = 0. Let h(p) = 17*p - 66. What is the tens digit of h(j)?
5
Let j(y) = -340*y - 662. What is the hundreds digit of j(-18)?
4
Suppose 4*c = -4*q - 756, 8*q - 7*q = 3*c - 177. Let g = -34 - q. What is the units digit of g?
2
Let i = 435 - -2358. What is the tens digit of i?
9
Let r = -15681 - -25107. What is the units digit of r?
6
Let v(n) = 11*n**2 + 10*n + 2. Let z be v(7). Let c be 4/14 + z/(-7). Let p = -48 - c. What is the tens digit of p?
3
Suppose -43*k = -64 - 194. Suppose -j = -k*s + 9*s - 4078, j = -5*s + 6798. What is the tens digit of s?
6
Suppose -78*z = -119*z + 383145. What is the thousands digit of z?
9
Suppose 4*v - 15813 - 44038 = -5*m, 3*m - 4*v = 35885. What is the tens digit of m?
6
Suppose -h - 3*h = 7*h. Suppose -t - 4*b + 263 = h, -t + 3*b + 260 = 6*b. What is the tens digit of t?
5
Let p(b) = 61*b**2 + 19*b - 60. Suppose c - 3*y - 16 = 0, -y - 2*y = -2*c + 20. What is the hundreds digit of p(c)?
9
What is the thousands digit of ((-1071)/105)/(-17) - 30527/(-5)?
6
Let w = 97 - 86. Let i(u) = -u**3 + 10*u**2 + 27*u - 4. Let h be i(w). Let f = h - 13. What is the hundreds digit of f?
1
Let v = -118 + 114. Let f be (4/(-10))/(v/(-100)). Let k(i) = -27*i + 19. What is the units digit of k(f)?
9
Let t(h) = -2 + 4*h - h**3 + 4 + 3*h**2 - 3*h + 2*h**3. Let z be t(-2). Suppose -l - z*l = -75. What is the units digit of l?
5
Let n be (218 + -28)*(-3)/(-2). Let z = n - 209. What is the units digit of z?
6
Suppose -3149708 = -321*o + 1488100. What is the units digit of o?
8
Suppose -5*d + d + 2*p + 6 = 0, -3*d + 6 = -p. Suppose -20 = 4*x, d*w - 87 = -4*x - 14. What is the units digit of w?
1
Let w(d) be the first derivative of 5*d**3/3 - 7*d**2/2 - 45*d - 43. What is the units digit of w(-7)?
9
Let t(c) = 3*c + 66. Let k be t(-21). Suppose k*f - 2055 = -5*s, -6*s = -9*s - 3*f + 1227. What is the units digit of s?
4
Suppose 4*f - 2*j + 394 = 0, 3*f + 2*f - 5*j = -485. Let d = 117 - f. What is the units digit of d?
7
Suppose 5*n - 77951 = -i, -n + 13*i = 15*i - 15583. What is the ten thousands digit of n?
1
Let q = 4510 + -2252. What is the hundreds digit of q?
2
Let f be (0 + -1)*22/2. Let w(c) be the second derivative of c**4/12 + 4*c**3/3 + c**2 - 5*c + 87. What is the units digit of w(f)?
5
Suppose 0 = -4*j - 3*i + 21, 2*i + 3*i - 27 = -4*j. Suppose -j*c = 454 - 976. What is the tens digit of c?
7
What is the hundreds digit of 35/((-805)/(-12052)) - (-2)/2?
5
Let v(b) = b**3 + 11*b**2 - 10*b + 5. Let f be v(-10). Suppose -202*q + f*q - 2301 = 0. What is the tens digit of q?
6
Suppose 0 = -p + 4*o + 5711, -3*p + 910 = -4*o - 16239. What is the hundreds digit of p?
7
Suppose 4530 = 28*l - 22*l. Let o = l + -372. What is the hundreds digit of o?
3
Let g be (-2)/8 - 331/4. Suppose 2*s + 5*b = 283, 5*s + 9*b - 745 = 4*b. Let w = g + s. What is the units digit of w?
1
Suppose -2*n + 316 = -5*n + 4*h, 0 = -2*n + 3*h - 210. Let b = -97 - n. Suppose b*r - 1986 + 314 = 0. What is the hundreds digit of r?
1
Let y(d) = 358*d**2 + 78*d + 293. What is the hundreds digit of y(-4)?
7
Let v = 327 - 124. Let x = v + -43. Suppose -2*g + 4*g = x. What is the tens digit of g?
8
What is the thousands digit of 3/66 + (-7915980)/(-1320)?
5
Suppose -627*d - 3*q - 88323 = -631*d, 2*d - 44159 = -q. What is the units digit of d?
0
Let t(d) = -10782*d + 3459. What is the ten thousands digit of t(-6)?
6
Let x(j) = -j**3 - 26*j**2 + 25*j - 59. Let b be x(-27). What is the tens digit of (b - 0) + 53 + 3?
5
Let x(s) = 110*s**2 + 17*s + 31. Let t(d) = -d**3 - 6*d**2 - 7*d + 2. Let g be t(-4). What is the units digit of x(g)?
7
Let f = -755 + 1291. Let i = f + -247. What is the hundreds digit of i?
2
Let r(m) = 16 - 279*m**3 - 6 - m - 17*m**2 + 277*m**3. Suppose 0 = -u + 5, 2*j + 4*u = 2*u - 8. What is the units digit of r(j)?
0
Let j(o) = -22 + 9*o + 8*o**2 + 10*o**2 - 19*o**2. Let g be j(4). What is the units digit of g/7 + (-18306)/(-126)?
5
Suppose i = -4*j + 918, -i = j - 201 - 27. Let t = j + 78. What is the hundreds digit of t?
3
Let s = -2 - -7. Suppose -113 = -g - s*b, 2*b + 3*b = 3*g - 399. Suppose g = h - 3*f, -127 = -3*h + 2*h + 2*f. What is the units digit of h?
5
Let r = 12 + -10. Let t(v) = 21*v**3 + 3*v - 2. Let m be t(r). Suppose m = 12*n - 8*n. What is the units digit of n?
3
Suppose -5*h - 5*x + 3915 = 0, 15*x - 16*x = 2*h - 1563. What is the tens digit of h?
8
Suppose 7482 = 13*f - 9652. What is the units digit of 7/(-49) + f/14?
4
Su